17. Let w = 1 + m. Let g(s) = -2*s**w + 9*s - 11*s + s**3 + 5*s**2 + 2. Determine g(-4).
-6
Let i(n) = 5*n**2 + 5*n + 1. Let r(l) = -11*l**2 - 11*l - 2. Let g(t) = -13*i(t) - 6*r(t). Let a be ((-336)/(-3080))/(3/66)*10/12. What is g(a)?
5
Let w be 1 - -1 - (4 - 2). Let b(s) = 5 - 4 - 9*s**2 - 3*s - 3 + w + 5. Calculate b(2).
-39
Let f(m) = -49*m + 13*m + 76 + 2*m - 151. Calculate f(-2).
-7
Let s = 876 + -863. Let r(f) = 3*f - 22. Determine r(s).
17
Let x(t) = t + 6. Let a(i) = -7*i + 25. Let l(s) = -a(s) + 5*x(s). Let k be l(0). Let o(f) = f**3 - 6*f**2 + 4. Determine o(k).
-21
Let m(v) be the second derivative of -3*v**2 + 2 + 2/3*v**3 + 37*v. Give m(5).
14
Suppose 197*f + 627 = -1092 - 448. Suppose -27 = -4*j - c, 0*c + 24 = 3*j + 2*c. Let y(a) = -7 + 0*a**2 + a**2 + j*a + 4*a. Give y(f).
4
Let x(n) = -11*n + 88. Let d(h) = 10*h + 108. Let v be d(-10). Let w be x(v). Let m(c) = c**2 - c - 13. Determine m(w).
-13
Let q(w) = -3*w - 43. Let o(a) be the third derivative of -a**4/24 - 2*a**3/3 + 124*a**2 + 2. Let r(u) = 6*o(u) - q(u). What is r(7)?
-2
Let m(n) = 106*n**2 + 110 - 3*n**3 + 81 - 320 + 159 - 36*n. Give m(35).
-5
Let n(u) be the first derivative of 0*u**2 - 1/30*u**5 + 0*u + 1/360*u**6 - 11 - 3*u**3 - 1/24*u**4. Let o(q) be the third derivative of n(q). Determine o(2).
-5
Let f(k) = -k**2 - 7*k - 6. Suppose -5*l = 6*c + 82 - 35, 3*l - c + 19 = 0. Calculate f(l).
-6
Suppose -11 = -n - u, -u - 24 = -n - 3*n. Let f(b) = 6 + n*b**2 - 2 - 3. Suppose 0 = 4*q + 3 - 7. Calculate f(q).
8
Let d(i) = 7*i - 5. Suppose 6*h + 40 = 16*h. Let j(y) = -y**2 + 3*y + 8. Let f be j(h). Give d(f).
23
Let t(v) be the second derivative of -1/2*v**2 - 1/6*v**3 - 2 - 3/10*v**5 - 1/12*v**4 - 11*v. Calculate t(-1).
5
Let s(j) = 74*j + 370. Let w = 5583 - 5588. What is s(w)?
0
Let f(r) be the first derivative of -1 + 7/2*r**2 + r. Let a be (35 + -22 + 93/(-7) + 0)/((-2)/7). Calculate f(a).
8
Let w(d) be the first derivative of 4*d**3/3 - 4*d**2 + 7*d - 3112. Give w(0).
7
Let f(i) be the first derivative of -9*i**2/2 - i - 1796. Give f(-10).
89
Let i(s) be the second derivative of s**6/360 + 7*s**5/120 + 8*s**4/3 - 207*s. Let z(l) be the third derivative of i(l). Give z(-12).
-17
Let q(l) = l**2 - 15*l + 71. Let f be q(7). Suppose f*n = 19*n + 24. Let h(b) = -b**2 - 8*b + 3. What is h(n)?
15
Let r be 8/12*(-3)/(-2). Let l(f) = -2*f**2 + f**2 - 935 + 933 + 0*f**2. Calculate l(r).
-3
Let l be 0*1/(-1)*-1. Let z = l - 0. Let k(f) = -3100 - f**3 - f**2 - f + 5*f**3 + 6*f**3 + 3102 - 9*f**3. Determine k(z).
2
Let z(k) = -4*k + 5. Let j = 2374 + -2372. What is z(j)?
-3
Let h(s) = -s**3 + 4*s - 1. Let w be ((-90)/150)/(-2 - 4/((-60)/27)). Calculate h(w).
-16
Let p(b) = -b**2 - 7*b + 9. Let l(u) = u**3 - 8*u**2 + 10. Let n be l(7). Suppose -106 = -3*j + 5*q, 2*q = 2*j + 7*q - 54. Let k = n + j. Determine p(k).
9
Let k be ((-1)/((-10)/4))/(28/(-17780)). Let z = k + 253. Let r(o) = -8*o - 1. What is r(z)?
7
Let w(l) = l**3 + 5*l**2 + 6*l + 3. Suppose -11 = 4*b - 3*h, 0 = 2*b - h + 1 + 4. Let u be ((-1)/3)/(b*4/(-96)). What is w(u)?
-5
Let g(c) be the second derivative of -4*c**3 + 3*c**2/2 + 1189*c. What is g(-1)?
27
Let o(g) = g**3 - g**2 - 22*g. Let c(i) = i**3 + 8*i**2 - 7*i + 13. Let u(s) = c(s) - 2*o(s). Give u(13).
-13
Suppose 0 = g - 11*g. Let s be 0 - -1 - (0 + g). Let y = s - -11. Let h(t) = t - 11. Calculate h(y).
1
Let b(i) = i**2 + 10*i + 8. Let q be b(-6). Let k = 19 + q. Let d(z) = -5 - 2*z + k + 3. Determine d(-3).
7
Let p(z) = 25*z**3 + 31*z**2 - 46*z + 4. Let n(i) = -9*i**3 - 11*i**2 + 16*i - 1. Let c(t) = -11*n(t) - 4*p(t). Determine c(-6).
55
Let s(g) = g**2 - 2*g - 1. Let q(l) = -6*l**2 + 4*l - 1. Let z(d) = -13*d**2 + 7*d - 2. Let h(n) = 9*q(n) - 4*z(n). Let b(y) = h(y) + s(y). Determine b(7).
-9
Let p(h) = 15 - h**3 - 6 + 206*h - 200*h + 8*h**2 + 2*h**3. Determine p(-6).
45
Let o(w) = -3*w**3 - 16*w**2 + 8*w - 7. Let r be ((-1)/2)/(13/78). Let t(c) = -2*c**3 - 15*c**2 + 9*c - 8. Let f(v) = r*o(v) + 4*t(v). Determine f(11).
0
Suppose -346 = 5*g - 2*h - 405, -9 = -g - h. Let r(m) = -m**2 + 7*m + 52. What is r(g)?
8
Let n(q) be the second derivative of -10*q**2 - 1/2*q**3 + 4*q + 0. Let u be n(-7). Let w(m) = -2*m**2 - 1. Give w(u).
-3
Suppose -15*q - 23*q = 38. Let t(r) = 24*r. Calculate t(q).
-24
Let x(u) = -u**3 + u**2 + 2. Let t(z) = -z**3 - z**2 - 3*z + 7. Let i(g) = -t(g) + 2*x(g). Calculate i(3).
6
Let k(j) = 3*j**3 + 20*j**2 + 20*j + 14. Let f(m) = -5*m - 65. Let l be f(-12). Let a(o) = -2*o**3 - 13*o**2 - 13*o - 9. Let h(b) = l*k(b) - 8*a(b). Give h(-3).
-1
Let i(l) = -l**2 - 7*l - 9. Let p(w) = 17*w**2 - w - 3. Let v(z) = -37*z**2 + z + 5. Let m(j) = -13*p(j) - 6*v(j). Let y(t) = -5*i(t) - 6*m(t). Give y(-4).
3
Let b(w) = 8*w - 24. Suppose -10 = 2*q + 4*y, -43 = 5*q - 147*y + 151*y. Give b(q).
-112
Let f(s) be the third derivative of 7*s**4/24 + 22*s**3 + 13*s**2 - 27*s - 3. What is f(-20)?
-8
Let z(r) = 0 + 7 - 81*r + 0*r**2 + 49*r - r**2 + 38*r. What is z(6)?
7
Let r(z) = z**2 - 3*z + 5. Suppose 324*x = 327*x - 3. Let d = -8 + 15. Let k be (-2)/(-4)*(d + x). Calculate r(k).
9
Let g be (-5)/((-20)/6)*(-4)/3. Let l be g/(-8) + (242/(-8))/(-11). Let v(s) = -32 + 31 - 2*s + l*s**2 + s**3 - 6*s**2. Calculate v(2).
-9
Let v(q) = -10*q - 82. Suppose -5*j + 195*h - 57 = 199*h, -5*j - 30 = -5*h. Determine v(j).
8
Let n(i) = 252 + 36*i - 3*i**2 - 531 + 245. What is n(11)?
-1
Let p be -5 + 0 + 5 + 198. Let h(o) = p + o - 177 - 4*o. What is h(7)?
0
Let g(i) = -2*i**3 + i - 7. Let f(a) = -5*a**3 + 2*a**2 + 2*a - 29. Let q(t) = 3*f(t) - 8*g(t). Give q(-5).
4
Let c(y) = -y**3 - 11*y**2 - 11*y - 13. Suppose -5*n = 4*j, -4*j + 2*n = 5*n. Let b = -50 + 70. Suppose j = 7*r - 5*r + b. Give c(r).
-3
Let b(m) be the third derivative of -m**4/24 + m**2 + 56*m + 1. Let o(c) = -5*c - 3. Let q be ((-4)/6)/((-2)/3). Let t(d) = q*o(d) + 2*b(d). What is t(-2)?
11
Let o be (-2)/(-7) - 40/(-7). Let a(p) be the third derivative of 7/24*p**4 + 4*p - 1/120*p**6 + 0 + 1/12*p**5 - 2*p**2 - 5/6*p**3. Determine a(o).
1
Let b(r) = -57*r + 5. Let s(w) = -2*w**2 + 59*w - 2. Let z(o) = -3*b(o) - 2*s(o). Determine z(-13).
-24
Suppose -19*h + 14*h - g = -24, 3*g + 8 = h. Suppose -2*o + 2 = 0, 2*v = -2*o + o + h. Let a(p) = -13*p + 1. What is a(v)?
-25
Let h(a) = -7*a**3 - 3*a**2 - 10*a + 26. Let z(l) = 9*l**3 + 9*l - 28. Let i(k) = 4*h(k) + 3*z(k). What is i(-10)?
-50
Let n be (-5)/(1420/80 - 19). Let d(v) = -3*v + 14. Give d(n).
2
Let b(o) = o**3 + 6*o**2 + 2. Let g be b(-6). Let i(v) = -6*v**3 + 6*v**3 - 1 + 2*v**3 - v**2 - 4*v**3. Calculate i(g).
-21
Let j be ((-10)/4 - -3)*-44. Let i = 12 + j. Let v(h) = -2. Let a(y) = y. Let q(d) = -a(d) + 3*v(d). What is q(i)?
4
Let w(r) = 605*r + 68 - 597*r + 65. Calculate w(-20).
-27
Let b(f) = -f**2 - 29*f - 23. Let v = -21018 + 20994. What is b(v)?
97
Let y(l) be the first derivative of -l**4/4 + 7*l**3/3 - l**2/2 - 10138. Suppose 10 = 4*n - 18. Give y(n).
-7
Let g be (6296/24 + 4)/(1/3). Let h(d) = -g*d**3 + 800*d**3 + 10 - d**2 + 7*d + 5*d**2 + 4*d**2. Determine h(-7).
10
Let q(r) be the second derivative of -r**3/6 - 7*r**2/2 + 16745*r + 2. Suppose 0 = 5*j + 4*g + 16, -2*j - 4*g - 4 = -0. Give q(j).
-3
Let u(j) = -18*j**3 - 11*j - 22*j**3 + 11*j**2 + 41*j**3 + 23 - 20 + 0*j. Give u(-12).
-9
Let i(n) be the second derivative of 2*n**3/3 - 3*n**2/2 - n. Suppose -2*m = 5*c + 712 + 430, -2*c - 472 = -3*m. Let z = c + 227. Calculate i(z).
-15
Let q(h) = 1572317*h**3 + h**2 + 3 - 1572309*h**3 - 3. Let j(n) = n - 11. Let y be j(10). What is q(y)?
-7
Let w(b) be the third derivative of b**4 + 43*b**3/6 - 1082*b**2. Determine w(-2).
-5
Let h(q) = q**2 + q - 1. Let i(w) = -7*w**2 + 9. Let g(t) = -6*h(t) - i(t). Suppose 149 = 36*d + 3 - 106. Calculate g(d).
4
Let n(h) = -4*h**3 + 2*h + 1. Let j be (-279)/(-372) - (-58)/(-16)*-2. Let k be j/14 - 220/(-154). Determine n(k).
-27
Let a(r) = 2*r - 16. Let q be a(8). Let n(c) = -2 - 2*c**2 - 230*c + 220*c + q. Determine n(-4).
6
Let h(g) be the third derivative of g**6/20 - g**4/24 - 7*g**2 + 5*g. Let u be 0 + 3/1 + -3. Suppose u*q + 2*q + 2 = 0. Calculate h(q).
-5
Suppose -7*x - 5720 = 19*x. Let c = -214 - x. Let m(u) = u**3 - 7*u**2 + 5*u + 5. Determine m(c).
-1
Let n(a) = -a**2 + 11*a - 3. Let u be 